divided by y(3).
27
Let v = -20 + 38. Let u be (2/3)/((-1)/6) + 4. Calculate the remainder when 58 + u/((-6)/(-3)) is divided by v.
4
Let z = 143 + -70. Let v(w) = w - 69. Calculate the remainder when z is divided by v(89).
13
Let u(l) = -l**2 + 5*l - 2. Let y be 1*-1 + 48/12. Let j be u(y). Suppose 4*s = -h + 5, j*h = -0*h - s + 20. Calculate the remainder when 7 is divided by h.
2
Suppose 64*z - 4*z - 203291 + 67751 = 0. What is the remainder when z is divided by 20?
19
Suppose 3*b + 37 = -2*k + 102, -4*b + 115 = -3*k. Calculate the remainder when 150 is divided by b.
0
Let d(n) = -45*n - 189. Let v be d(12). Let j = v - -747. Suppose 2*x - 5*s - 52 = -2*s, 3*s = -x + 44. What is the remainder when x is divided by j?
14
Let l(a) = -a**2 + 66*a - 620. What is the remainder when l(19) is divided by 20?
13
Suppose 2100 = -26*u + 46*u. Calculate the remainder when 2728 is divided by u.
103
Suppose -3*t + 3*r = -0*r - 517239, -2*t - 4*r = -344808. Calculate the remainder when t/195 - (-3)/(39/(-2)) is divided by 59.
58
Let w(r) = 300*r + 807. Let p(o) = 30*o + 81. Let c(h) = -21*p(h) + 2*w(h). What is the remainder when c(-9) is divided by 31?
28
Let b(f) = -31*f + 1805. What is the remainder when b(54) is divided by 56?
19
Calculate the remainder when 3105 is divided by (3 - 8)*((-81)/(-135) - 3/1).
9
Let x = -4 + -104. Calculate the remainder when 26 is divided by x/48*(1 + -5).
8
Suppose -16*b + 4*k = -200780, 0 = -5*b - 132*k + 133*k + 62746. What is the remainder when b is divided by 4182?
5
Calculate the remainder when 196 is divided by 5 + -15 + 8 + 55 + -3.
46
Let v(i) = -41*i**2 - 7*i + 4. Let j be v(2). Let b = j - -314. Calculate the remainder when b is divided by 13.
10
Suppose -2*t + 86 = 6*l, -4*l + 59 - 7 = 4*t. Suppose -a + 51 = -15. Suppose -4*v + 38 = -a. What is the remainder when v is divided by l?
11
Let v = -19 - -282. Let k = -95 + 133. Calculate the remainder when v is divided by k.
35
Suppose 0 = -6739*c + 6747*c - 376. Calculate the remainder when 1811 is divided by c.
25
Let z(b) = 1868*b + 3844. What is the remainder when z(-2) is divided by 2 - 8/2 - -13?
9
Suppose -k + 11*n - 8*n + 11 = 0, -k + 2*n = -9. Calculate the remainder when 218 is divided by (-3 - (0 - k)) + 9.
9
Let f(q) = 2*q**3 + 30*q**2 + 71*q + 84. Calculate the remainder when f(-12) is divided by 39.
18
Suppose 4*r - 603 = -3*t, 0*r - 211 = -t + 2*r. What is the remainder when -4 - (-3 + 6)/((-5)/t) is divided by 11?
9
Let t = 32 - 7. Suppose -3*q + 579 = 2*r + 364, -7*r = -4*q - 854. What is the remainder when r is divided by t?
18
Let t(i) = -84*i - 678. Suppose -2*u + 9*d + 125 = 4*d, 2*u + d = 95. Calculate the remainder when t(-14) is divided by u.
48
Let s(b) = -49*b - 40. Let h(d) = 16*d + 13. Let v(r) = -8*h(r) - 3*s(r). Calculate the remainder when v(2) is divided by 30.
24
Let v = -3811 - -3850. Calculate the remainder when 564 is divided by v.
18
Suppose 0 = 3*p - 4*d + 58, 0*p - 3*p - d = 38. What is the remainder when ((-60)/p)/((-2 + 6)/28) is divided by 11?
8
Let r = -13972 - -14027. What is the remainder when 4030 is divided by r?
15
Suppose 24*z = 25*z + 2*f - 1209, 6051 = 5*z + 8*f. Calculate the remainder when z is divided by 155.
130
Let b = 197 + -285. Let w = 36 - b. What is the remainder when w is divided by 19?
10
Suppose 4*m + 1034 = 62. Let b = 296 + m. Calculate the remainder when b is divided by 17 + (-1 - (-4)/2).
17
Let k = -635 - -630. Calculate the remainder when (-13 + 14)/(k/(-745)) is divided by 76.
73
Let r be (1/(-3)*-1)/((-14)/(-126)). Suppose r*p + 5*a + 5 = 0, 36*p - 34*p - 22 = 3*a. What is the remainder when 17 is divided by p?
2
Let t = 11299 - 3929. Calculate the remainder when t is divided by 13.
12
Let a(h) = 3*h**2 - 41*h + 1218. What is the remainder when a(39) is divided by 262?
252
Let j(s) = 4*s - 11. Let w be j(6). Let q = 31 - w. Suppose 22*p = q*p + 272. Calculate the remainder when p is divided by 36.
32
Let n(d) = 90*d - 899. Let q = 2 - 2. What is the remainder when (18/4 + q)*2 is divided by n(10)?
0
Let l = 9 + -7. Suppose 4*r + 47 = 3*d, 7*d + 5*r - 20 = l*d. Let g(f) = f**2 - 9*f + 5. Calculate the remainder when g(10) is divided by d.
6
Let z(o) = -4*o**3 + 8*o**2 + 28*o. Suppose 0 = -3*w + 1 + 29. What is the remainder when z(-3) is divided by w?
6
Suppose 43*y - 49*y = -624. What is the remainder when (y/(-32))/(8/(-640)) is divided by 22?
18
Let o = -3 - -11. What is the remainder when 18 - (-11)/(-5)*-5 is divided by (-4)/o - 99/(-6)?
13
Suppose 3*u = -3*g + 57, -4*u - 35 = -5*g + 60. Let y = 63 + 16. Let r = y + -44. What is the remainder when r is divided by g?
16
Suppose 11*j = 3 - 36. Let v(w) = 2*w**2 + 3*w - 3. What is the remainder when 45 is divided by v(j)?
3
Let n(q) = -27*q + 59. Let r be n(8). Let p = 225 + r. Suppose -z = -5*b - 35, -z - 2*b = -3*z + 70. What is the remainder when p is divided by z?
33
Let r = -2217 + 2253. What is the remainder when 100 is divided by r?
28
Let d = 233 - 139. Let s be ((-9)/(-3))/((-12)/4204). Let k = 1070 + s. Calculate the remainder when d is divided by k.
18
Suppose 0 = 5*q + 5*r - 9*r + 847, 5*q + 5*r = -820. Let d = 177 + q. Calculate the remainder when 22 is divided by d.
2
Calculate the remainder when 1003 is divided by (-338)/(-26) - -3 - -68.
79
Suppose -18*c = -433 - 755. Calculate the remainder when 1714 is divided by c.
64
Suppose 0 = -3*s + 2*j + 104, 245*s - 5*j = 240*s + 165. Calculate the remainder when 236 is divided by s.
8
Suppose -m - 737 + 815 = -4*y, -m + 3*y = -75. Let o be -6*2*(-3)/9. Suppose -4*b - 35 = -7*d + o*d, 20 = 5*b. What is the remainder when m is divided by d?
15
Let h be 450/(-36)*(-12)/10. Let m = h - -55. What is the remainder when m is divided by 12?
10
Suppose -4*y + 4*k + 6393 = -1123, -k = 9. What is the remainder when y is divided by 233?
6
Let r = 55 + -47. Suppose -r = -5*i + 17. Suppose -i*x - 26 = -7*x. What is the remainder when 76 is divided by x?
11
Let f(d) be the first derivative of -d**3/3 + 12*d**2 - 26*d - 108. Let m(y) = 3*y + 1. Let w be m(6). Calculate the remainder when f(w) is divided by 9.
6
Calculate the remainder when (-118)/59 + 79 + 5 + -3 is divided by 16.
15
Let n = 33699 - 33676. Calculate the remainder when 3277 is divided by n.
11
Let j(a) = 78*a - 2681. Calculate the remainder when 2786 is divided by j(35).
42
Let h(f) = -3*f**2 + 8*f + 13. Let r(p) = -p**2 - p + 1. Let i(s) = -h(s) - 4*r(s). Calculate the remainder when i(4) is divided by 17.
11
Suppose x - 2*v - 184 = 0, -4*x + 3*v + 6*v + 738 = 0. Calculate the remainder when x is divided by 94.
86
Let k(a) = -7*a**3 + a**2 + 3. Let w be k(-2). Let g be (-2)/(-3) + 283/3. Let q = g - w. What is the remainder when q is divided by 11?
10
Let n(i) = 31*i**3 + i**2 - 10*i + 6. Let l be n(2). Let g = 179 + l. Calculate the remainder when g is divided by 84.
81
Suppose 0 = -5*b - 2*x + 2002, -341*b + 343*b = -5*x + 784. What is the remainder when b is divided by 27?
24
Let r = -394 + 1216. Suppose 3*q - 478 = 4*b - 2*b, -r = -5*q - 3*b. What is the remainder when q is divided by 20?
2
What is the remainder when 7506/(-2085)*125/(-3) is divided by 8/(-20) + 142/5?
10
What is the remainder when (2070/(-21))/((1683/154)/(-51)) is divided by 15?
10
Suppose 17 = 2*d - 4*f + 95, -3*d + 2*f - 137 = 0. Let b = d - -51. What is the remainder when 7 is divided by 1 - (7/(-7))/(b/2)?
1
Suppose 11*q - 198 = 341. Suppose -5*z = l + 6, 4*l = -4*z - 38 + 14. Let t(k) = -2*k + 1. Calculate the remainder when q is divided by t(l).
10
Suppose 0 = -3*c - 17 + 5, -5*r + 12 = -3*c. Suppose -2*a + r*a = -3*v - 122, 5*a = -5*v + 255. Calculate the remainder when a is divided by 14.
13
Suppose 0 = 2*h + 4*q - 162, -5 = -3*q + 7. Suppose 77*b = h*b + 48. Calculate the remainder when 57 is divided by b.
9
Suppose -12*x + 5 = 41. Calculate the remainder when 263 is divided by (-4 - 238/(-49))/(x/(-231)).
65
Suppose -294 = -2*q + 3*o - 799, o = 3*q + 740. Let w = 261 + q. What is the remainder when 28 is divided by w?
12
Let d = 1305 - 1237. Suppose -68 = -3*c + 4*w - 6, 0 = 3*c + 3*w - 27. What is the remainder when d is divided by c?
12
Let x be 16/(-12)*9/6. What is the remainder when ((-9)/(-108))/((-3)/(-1332)) is divided by (-4)/(-3)*(-15)/